+ 38*h + 218. Give n(-9).
-124
Let i(h) = 606537*h + 43670667. Determine i(-72).
3
Let d(p) = -24102*p + 1229283. Give d(51).
81
Let u(d) = 18113*d + 34487154. What is u(-1904)?
2
Let f(s) = -s**3 - 242*s**2 - 285*s - 10604. Give f(-241).
0
Let d(x) = -x**3 + 37*x**2 - 300*x + 486. Determine d(14).
794
Let n(d) = -12*d**2 + 407288*d - 1221768. Determine n(3).
-12
Let y(t) = 2*t**3 + 30*t**2 + 52*t - 17. Determine y(-13).
-17
Let b(v) = 2*v**2 + 26*v - 46290. Give b(-160).
750
Let s(i) = 1444*i - 120132. Determine s(83).
-280
Let i(t) = 2889*t + 308861. Give i(-107).
-262
Let n(f) = -f**2 + 299*f - 8887. What is n(35)?
353
Let u(j) = -103621*j - 1243183. Give u(-12).
269
Let w(b) = 3*b**3 + 247*b**2 - 151*b + 1265. Give w(-83).
20
Let y(f) = -5*f**2 - 65*f - 100. Calculate y(-11).
10
Let x(i) = -10220*i - 4323058. Give x(-423).
2
Let t(j) = -2*j**3 - 149*j**2 - 791*j - 2201. What is t(-69)?
7
Let z(x) = 2*x**3 + 117*x**2 - 140*x + 1065. What is z(-60)?
-1335
Let y(z) = 13*z**2 + 158*z - 48. Give y(-13).
95
Let t(r) = -273*r - 346. Calculate t(-5).
1019
Let n(f) = 34*f**3 + 8*f**2 - 6*f + 16. Give n(3).
988
Let z(a) = -549*a**3 - 2*a**2 + 998*a - 997. Calculate z(1).
-550
Let l(a) = -989*a - 42738. Give l(-44).
778
Let g(h) = -28*h**2 + 182*h - 40. Calculate g(7).
-138
Let c(l) = 42*l**2 - 484*l - 385. Give c(10).
-1025
Let j(b) = b**3 - 380*b**2 - 20061*b - 3393. Give j(427).
23
Let n(j) = -j**2 + 37*j + 5556. Give n(-57).
198
Let j(l) = 40543*l + 124287. What is j(-3)?
2658
Let p(s) = 7483*s + 81654. What is p(-11)?
-659
Let c(l) = 6678*l + 1555925. Give c(-233).
-49
Let c(v) = 127*v - 17608. Determine c(140).
172
Let n(z) = -1499546*z - 10496823. Give n(-7).
-1
Let g(t) = -4*t**2 - 1846*t + 13125. What is g(7)?
7
Let r(s) = 858*s**3 - 3*s**2 - 4*s + 1. Give r(1).
852
Let f(o) = 6*o**2 + 156104*o + 936577. Determine f(-6).
169
Let f(t) = t**2 - 6400*t - 212202. What is f(-33)?
87
Let z(d) = -9*d**3 - 266*d**2 - 156*d - 36. Give z(-29).
283
Let z(q) = 40*q + 7012. Determine z(-152).
932
Let x(r) = -2*r**2 - 442*r - 4018. Calculate x(-9).
-202
Let u(k) = 163*k**2 + 147*k - 5. Determine u(-1).
11
Let a(o) = -2420053*o + 7260166. Determine a(3).
7
Let q(i) = 49973*i + 6946251. Give q(-139).
4
Let b(y) = -y**2 - 337*y - 4770. What is b(-14)?
-248
Let p(b) = -178*b + 5412. Determine p(33).
-462
Let a(z) = 5654*z - 5767075. What is a(1020)?
5
Let q(w) = -3473*w + 35917. Calculate q(11).
-2286
Let j(o) = -o**3 - 55*o**2 + 43*o - 6. Determine j(0).
-6
Let w(s) = -157*s**2 - 584*s - 12. Give w(-5).
-1017
Let t(m) = 3*m**2 - 10211*m - 10217. Determine t(-1).
-3
Let l(t) = -1895*t - 3785. Give l(-2).
5
Let z(m) = 2345*m - 29686. Give z(13).
799
Let w(z) = z**3 - 201*z**2 - 1829*z - 12806. Determine w(210).
4
Let g(j) = 3*j**2 - 1261*j - 35764. Calculate g(447).
-4
Let q(j) = -14*j**2 - 9170*j - 27398. Calculate q(-3).
-14
Let c(f) = 2*f**2 + 63*f + 211. Determine c(-3).
40
Let j(x) = -6852*x + 13699. Determine j(2).
-5
Let u(m) = -2*m**2 - 1838*m - 247670. Give u(-164).
-30
Let b(f) = -2*f**3 - 139*f**2 + 482*f - 149. Give b(3).
-8
Let u(a) = 17*a**2 + 576*a - 368. Give u(-40).
3792
Let l(h) = h**3 - 65*h**2 + 405*h + 106. What is l(58)?
48
Let x(p) = -47286*p + 331006. Calculate x(7).
4
Let y(f) = 6748*f - 587114. What is y(87)?
-38
Let z(m) = -11*m**2 - 508*m + 2650. What is z(-51)?
-53
Let n(d) = d**3 - 99*d**2 + 202*d - 622. Calculate n(97).
154
Let j(k) = k**3 - 44*k**2 - 13*k + 1097. What is j(43)?
-1311
Let b(n) = 136760*n - 6427768. What is b(47)?
-48
Let f(t) = t**2 + 2116*t + 332590. Give f(-171).
-5
Let s(f) = f**2 - 42492*f + 382281. What is s(9)?
-66
Let a(m) = -7*m**3 - 66*m**2 + 7*m + 147. Determine a(-10).
477
Let x(j) = -j**2 + 25*j + 15659. What is x(-117)?
-955
Let a(p) = -13216*p - 13388. Calculate a(-1).
-172
Let p(b) = -41*b + 2359. Determine p(55).
104
Let s(g) = -684486*g + 28748408. Calculate s(42).
-4
Let i(g) = -3*g**2 + 915*g + 2738. Determine i(-3).
-34
Let z(x) = -3247*x + 230564. What is z(71)?
27
Let i(s) = -4*s**2 + 398*s + 8292. Determine i(118).
-440
Let l(a) = 6*a**3 - 143*a**2 + 473*a + 15. Give l(4).
3
Let c(k) = k**3 + 72*k**2 + 919*k - 7722. Determine c(-51).
30
Let d(f) = 18921*f - 4446430. Give d(235).
5
Let m(a) = 5793*a - 324260. Determine m(56).
148
Let n(r) = -5*r**3 - 20*r**2 + 20*r + 101. Calculate n(-5).
126
Let o(s) = 166*s + 3727. Determine o(-31).
-1419
Let p(c) = -1043412*c + 3130236. What is p(3)?
0
Let y(g) = -17*g**2 + 27*g + 2659. Determine y(13).
137
Let s(j) = 1698*j**2 - j - 372. Determine s(0).
-372
Let q(z) = 1152*z + 110554. What is q(-96)?
-38
Let o(r) = -2*r**3 - 965*r**2 - 8006*r + 24653. Determine o(-474).
5
Let d(o) = 1036*o + 1288795. Calculate d(-1244).
11
Let g(b) = -4*b**2 - 24*b - 205. What is g(12)?
-1069
Let d(r) = -r**3 + 10*r**2 + 659*r - 6164. What is d(10)?
426
Let c(x) = -x**3 + 66*x**2 + 57*x + 1170. What is c(67)?
500
Let f(l) = l**2 + 10947*l + 32837. Give f(-3).
5
Let h(w) = 70*w - 10721. What is h(155)?
129
Let i(n) = 1184*n**2 + 79320*n - 536. Give i(-67).
0
Let l(a) = -733*a + 81448. Give l(111).
85
Let l(y) = -211168*y - 32308703. Determine l(-153).
1
Let g(k) = -21*k**2 + 8635*k + 17275. Determine g(-2).
-79
Let w(f) = -9*f**3 + 1790*f**2 + 144*f + 10951. Calculate w(199).
6
Let t(w) = 3*w**2 + 133*w - 40. Give t(-41).
-450
Let s(i) = -3*i**2 + 1074*i - 11464. Determine s(11).
-13
Let k(i) = 14*i**2 - 1842*i + 4637. Determine k(129).
-7
Let u(a) = -1189*a - 220196. Calculate u(-185).
-231
Let w(l) = -21*l**3 + 258*l**2 - 98*l + 117. What is w(12)?
-195
Let g(c) = 7*c**3 - 2*c**2 + 3*c + 17. Determine g(2).
71
Let p(w) = -w**3 + 78*w**2 + 580*w + 351. Give p(85).
-924
Let w(g) = -40*g + 1006. Determine w(11).
566
Let t(n) = -4227*n - 80328. Calculate t(-19).
-15
Let v(g) = -g**2 + 263*g + 12817. Give v(-42).
7
Let h(k) = 7056*k - 225786. Give h(32).
6
Let z(u) = -8*u**3 - 116*u**2 - 117*u + 250. Give z(-13).
-257
Let l(y) = -y**3 + 55*y**2 - 288*y - 134. Determine l(47).
4002
Let c(d) = -107*d**2 + 5580*d - 25226. Determine c(5).
-1
Let b(v) = 2*v**2 + 499*v + 3238. Determine b(-243).
79
Let l(m) = -2*m**3 - 22*m**2 - 1241*m - 15143. Give l(-12).
37
Let w(l) = 153*l**2 - 182*l - 905. Calculate w(-4).
2271
Let a(p) = -p**3 - p**2 + 6509*p + 2353. What is a(-81)?
4
Let u(v) = -32*v**3 + 605*v**2 + 71*v - 265. Give u(19).
1
Let m(j) = -7*j**2 - 1393*j + 14723. Give m(-209).
93
Let v(l) = -l**3 + 455*l**2 + 2806*l + 234. Calculate v(-6).
-6
Let u(k) = -k**3 - 79*k**2 - 217*k - 4. Give u(-3).
-37
Let q(d) = -7*d**3 + 51*d**2 + 5*d + 69. Give q(8).
-211
Let c(o) = -o**3 + 679*o**2 - 3381*o + 7423. Give c(674).
9
Let t(r) = 93*r**2 - 5149*r + 11663. What is t(53)?
3
Let c(q) = q**3 - 120*q**2 + 348*q + 355. Give c(117).
4
Let h(w) = 7274*w - 29020. Calculate h(4).
76
Let c(h) = 139*h**2 + 141*h + 23. Determine c(-1).
21
Let r(t) = 13*t**3 - 1298*t**2 + 1091*t - 176. Determine r(99).
22
Let v(i) = -10*i**3 + 3351*i**2 + 658*i - 332661. Calculate v(335).
-6
Let m(p) = 457*p + 9194. Calculate m(-20).
54
Let m(l) = -97*l + 200. Give m(13).
-1061
Let v(s) = -93190*s + 186385. Give v(2).
5
Let m(g) = -80*g**3 - 561*g**2 + 78*g + 594. Give m(-7).
-1
Let z(h) = -5*h**3 + 13*h**2 - 58*h + 203. What is z(7)?
-1281
Let l(t) = 251*t - 13779. Give l(50).
-1229
Let b(a) = -a**3 + 134*a**2 - 3723*a + 751. What is b(39)?
49
Let r(h) = 17*h**2 + 176*h - 739. Calculate r(-8).
-1059
Let m(g) = 23*g**3 - 607*g**2 - 380*g + 59. What is m(27)?
5
Let i(y) = -824*y - 351844. Calculate i(-427).
4
Let p(h) = 9*h**2 - 663*h - 369. Calculate p(75).
531
Let a(k) = k**3 + 84*k**2 + 139*k + 4101. Calculate a(-83).
-547
Let v(o) = -6848*o + 75317. Calculate v(11).
-11
Let k(a) = 3*a**3 + 42*a**2 - 39*a - 37. What is k(-15)?
-127
Let f(t) = 89268*t + 267628. What is f(-3)?
-176
Let j(u) = -2*u**3 + 58*u**2 - 97*u - 389. Calculate j(27).
-92
Let y(r) = -184*r + 1317. Determine y(7).
29
Let z(j) = -54339*j - 2077. What is z(0)?
-2077
Let g(z) = 2646921*z - 21175392. Calculate g(8).
-24
Let f(x) = -2*x**3 - 187*x**2 + 152*x + 22913. Calculate f(-93).
128
Let b(u) = -u**3 - 14*u**2 + 267*u - 195. Give b(-25).
5
Let z(m) = m**3 + 5*m**2 - 2734*m - 21992. Give z(-8).
-312
Let h(b) = 58*b**2 + 44*b + 35. Give 